n factor of 24 and r.
24
Let x(s) = -s**3 + 8*s**2 + 12*s - 31. Let a be x(9). Let y be 1232/66*((-6)/a + 0). What is the greatest common factor of 7 and y?
7
Suppose 2*b - 6*b + 188 = 4*q, -88 = -2*b - 5*q. Let p be (-55)/((1 + 0)*(-7)/b). What is the highest common factor of p and 35?
35
Suppose -2*z + 98 = 2*t - 332, 4*z = 20. What is the greatest common factor of t and 60?
30
Suppose 0 = 4*s + 2 - 10. Suppose 5*l + 6 = 2*x, s*x - 3*l - 11 = 3. Calculate the highest common factor of 91 and x.
13
Let u(d) = -13*d - 2. Let v be u(-5). Suppose 3*a - a + 4 = 0, -v = -5*n - a. What is the highest common divisor of 39 and n?
13
Suppose 32*d - 33*d = -24. Suppose s - d = -s. What is the greatest common divisor of s and 66?
6
Suppose 4*z - 99 - 37 = 0. Suppose 5*x = 5*b + 370, 233*x - 216 = 230*x + 2*b. What is the greatest common factor of x and z?
34
Suppose 25*f - 3676 - 4299 = 0. What is the greatest common factor of 116 and f?
29
Let w be ((-8)/(-5) - 3)*-10. Let h = 27 + 8. What is the highest common factor of w and h?
7
Let m(j) = j**3 + 3*j**2 - 4*j + 20. Let x be m(5). Calculate the greatest common divisor of x and 120.
40
Suppose -2*o = -8 - 30. Suppose 5*b = -o + 59. What is the highest common divisor of 32 and b?
8
Suppose o - b - 84 = 0, 4*o - 11*b + 16*b - 336 = 0. Calculate the highest common divisor of 12 and o.
12
Let h be 8/(-10) - (-6)/(-30) - -343. Suppose 5*o - h = 1143. What is the greatest common factor of o and 33?
33
Suppose 0 = 3*g - k - 571, 2*k = 7*k - 25. What is the greatest common divisor of 64 and g?
64
Let w(x) = -x**3 + 16*x**2 - 25*x + 102. Let i be w(11). Calculate the highest common factor of 528 and i.
48
Let q = 50 - 25. Suppose b + 3*p - q = -0*b, -24 = -b - 2*p. Let g = 85 - 74. What is the greatest common divisor of b and g?
11
Let j(w) = -10*w + 13. Let k be j(0). Let s(x) = 16*x**2 + 1. Let y be s(2). Calculate the highest common factor of k and y.
13
Let l = -143 - -212. Let m = 70 - l. Let u = -1 + 2. Calculate the highest common factor of u and m.
1
Let d(y) = y**2 - 45*y - 518. Let b be d(55). Suppose 0 = -0*v + 4*v + 4, w - 2*v = 82. Calculate the highest common factor of b and w.
16
Suppose -10*r = -38*r + 448. Calculate the greatest common divisor of 208 and r.
16
Let a(n) = 6*n + 46. Let y be a(6). Calculate the highest common factor of y and 656.
82
Let y be 1 + 786 - (-12)/(6 - 2). What is the greatest common divisor of 10 and y?
10
Let u = 236 - 227. What is the greatest common divisor of u and 81?
9
Suppose 0 = 4*c + 10*n - 15*n - 665, 4*n + 500 = 3*c. What is the highest common factor of 220 and c?
20
Let w = 1115 - 303. What is the greatest common divisor of w and 28?
28
Let d(p) = -2*p + 80. Let j be d(-27). Calculate the greatest common factor of 335 and j.
67
Suppose -32*o + 858 = -19*o. What is the highest common divisor of 22 and o?
22
Suppose 375 = 4*s - 3*c, s + 207 = 3*s + 5*c. What is the highest common divisor of 3 and s?
3
Suppose -3*c = 8 - 32. Let v = -6 + c. Suppose 2*t - 326 = v*n, -4*n - 487 = t - 4*t. What is the greatest common factor of 15 and t?
15
Suppose 876 - 246 = 14*y. Calculate the highest common factor of y and 30.
15
Suppose 5*p - 278 - 347 = 0. Suppose -3*l = 2*l - p. Let k(n) = -6*n - 2. Let g be k(-2). What is the greatest common factor of g and l?
5
Let a = -2 - -3. Let v be (-2)/(-2) - -3 - (2 + 24 - 31). Calculate the highest common factor of v and a.
1
Let x(y) = 56*y**3 - 4*y**2 + 4*y. Let d be x(2). What is the highest common factor of 10 and d?
10
Let b(u) = -u**2 - 13*u - 23. Let t be b(-10). Suppose -2*a + t*a - 350 = 0. What is the highest common divisor of a and 10?
10
Suppose 4*l - 3*q + 0*q = 151, -3*l + 111 = -3*q. Suppose 21*a - 25*a = -32. Calculate the highest common divisor of a and l.
8
Suppose 0 = 4*b - 5*b - 10. Let g be b/(-15)*24 + 4. Let o be 2/(-8) - (-33)/4. Calculate the highest common factor of o and g.
4
Let j = 9 - -6. Suppose 2*c = -n - 3, -6*n + 2*n + c = -j. What is the highest common factor of n and 6?
3
Let a = -114 - -120. Suppose 38 - a = 4*c. What is the highest common factor of c and 2?
2
Let v be 8/(1 - 1 - 1). Let z be -3*(-39)/36 + 2/v. What is the greatest common divisor of 6 and z?
3
Let p = 113 - 48. Suppose 2*j = z + 33, -10*j = -14*j + 3*z + p. Calculate the highest common factor of 136 and j.
17
Let h be 8/24*(10 + -1). Suppose 1 = h*o - 2. Calculate the greatest common divisor of o and 1.
1
Suppose -5114 - 1574 = -76*v. What is the highest common factor of v and 33?
11
Suppose 0 = 5*c - c - 1000. Suppose -u = -3*u - 2*j + 548, c = u - 5*j. Suppose -q - u = -6*q. What is the highest common factor of q and 9?
9
Suppose -647 = -16*h + 361. Calculate the highest common factor of h and 21.
21
Suppose -x - 5*p + 20 = 0, 5*p - 2*p = -2*x + 61. Let h be (x + -2 - 1)*(-5)/(-4). Calculate the highest common factor of 80 and h.
40
Let z = 587 - 391. Let m be 6*5 + 4/(-2). What is the highest common factor of z and m?
28
Let s be (-1 - -10)/(48/64). Let j = 19 - s. What is the greatest common factor of j and 28?
7
Let p be 120/28*28/3. Calculate the greatest common divisor of 60 and p.
20
Suppose -2*p + 32 - 7 = -n, 0 = 3*p - n - 39. Let i be ((-21)/(-5))/(3 - (-14)/(-5)). Calculate the highest common divisor of p and i.
7
Suppose 81 = -3*w - 5*a + 34, 3*a = w - 3. Let k = -6 - w. Let i(o) = 3*o**2 - 2*o. Let c be i(k). What is the greatest common factor of 231 and c?
21
Let r(n) = n**2 + 5*n - 10. Let h be r(-7). Suppose h*v = 96 + 912. What is the greatest common divisor of v and 21?
21
Let f = 21 + -15. Suppose 7*l - 4 = f*l. Suppose 3 + 1 = -l*y - 4*j, -5*y = -3*j - 11. Calculate the greatest common factor of 11 and y.
1
Let g be (3 + -7 + 1)/(-1). Suppose 3*r + 61 = 4*z, g*z - 3*r + 23 = 71. What is the greatest common factor of z and 91?
13
Suppose 5*k - 4*a - 10 = -a, k - 3*a + 10 = 0. Suppose -4*c + 5*c + k = 0, 3*c = i - 34. Let g be 614/8 - 33/44. What is the highest common factor of g and i?
19
Let o be 20 + (2 - 3) - -1. Let x be 13/(-130) + 142/o. Calculate the greatest common factor of x and 7.
7
Suppose -5*w + 796 = 56. Suppose x = -3*t + 428, t - 5*x - w = -0*x. Calculate the greatest common factor of 13 and t.
13
Suppose -6*f = -266 - 196. What is the greatest common divisor of f and 7?
7
Suppose 2*d = -d + 45. Suppose -18*s = 3246 - 3264. What is the highest common factor of s and d?
1
Suppose 8*c = 3*c - 35. Let w = 8 + c. Suppose 4*n + 4*d - 36 = 0, 3*d - 14 = w. What is the greatest common divisor of n and 4?
4
Suppose -40 = -5*n - 0. Let j be (n/12)/((-4)/24). Let y be ((-6)/j)/((-2)/(-4)). Calculate the highest common factor of 6 and y.
3
Suppose -74*k + 67*k = -11557. What is the greatest common factor of 13 and k?
13
Suppose -414 + 132 = -3*j + 2*t, 5*t - 399 = -4*j. What is the greatest common factor of j and 15?
3
Let l = 21 + -10. Let x(m) = -3*m + 14. Let z be x(-10). What is the highest common factor of z and l?
11
Let y be (69*2)/((-48)/(-24)). Let o = y - 17. Let b be 2*(-3 - -2) - -15. What is the highest common factor of o and b?
13
Let f be (2/4)/(53/3392). What is the greatest common divisor of f and 1?
1
Let z be (-7)/(28/48)*-1. Suppose 0 = -4*i + 424 + 188. Suppose -y = -i + 45. What is the highest common divisor of z and y?
12
Suppose 9 = 2*w - w. Let t = 35 - w. Suppose 0 = 2*j - 112 - 44. What is the greatest common divisor of t and j?
26
Suppose 0 = 5*j - 2*j - 192. Let r be (1022/63 - 16)*(1 + -10) + 26. Calculate the greatest common factor of j and r.
8
Suppose 0 = -2*y - 5*r + 234, 4*y + 2*r - 452 = -0*r. What is the highest common factor of y and 70?
14
Suppose -156 = -6*i + 72. Let c = i + -14. Calculate the greatest common factor of 264 and c.
24
Let v(y) = -14*y - 182. Let z be v(-23). What is the highest common divisor of 20 and z?
20
Let i = 35 + -28. Suppose -4*n = i*n - 572. Calculate the greatest common factor of n and 4.
4
Let c = -205 + 227. Calculate the highest common factor of c and 154.
22
Let i = 215 + -103. Let t(b) = -4*b + 51. Let x be t(11). Calculate the highest common factor of x and i.
7
Let v be -7*((-2970)/77)/9. What is the greatest common divisor of 105 and v?
15
Let k = 3025 - 2320. Calculate the greatest common divisor of k and 45.
15
Let g be 45